nd 22280784.
6
Calculate the greatest common divisor of 2 and 10216552.
2
What is the greatest common divisor of 45464 and 172?
4
Calculate the greatest common factor of 1474368 and 7688.
8
What is the greatest common factor of 38656 and 60192?
32
What is the highest common divisor of 116373280 and 20550?
1370
What is the highest common divisor of 24492 and 177333?
39
What is the highest common factor of 407898 and 41409?
387
What is the greatest common divisor of 3246 and 11902?
1082
Calculate the highest common divisor of 19682745 and 20.
5
What is the highest common divisor of 13779894 and 5883?
159
Calculate the highest common factor of 28016 and 769616.
1648
Calculate the greatest common factor of 35266180 and 518.
74
What is the highest common divisor of 44631 and 10368?
81
What is the highest common factor of 864 and 88252686?
54
What is the highest common divisor of 129802128 and 54864?
6096
Calculate the greatest common factor of 55 and 1596019755.
55
Calculate the highest common factor of 29412929 and 329.
329
Calculate the greatest common divisor of 8650 and 85808.
346
What is the greatest common divisor of 836745 and 66885?
1365
Calculate the highest common factor of 21979669 and 2572.
643
Calculate the greatest common divisor of 3663 and 12320297.
407
Calculate the highest common divisor of 33315972 and 71212.
3748
What is the highest common factor of 186617 and 59?
59
Calculate the highest common factor of 12405 and 18345.
15
Calculate the greatest common divisor of 595147 and 21980.
7
Calculate the greatest common factor of 16 and 33053008.
16
Calculate the highest common divisor of 312938 and 1334.
46
Calculate the greatest common factor of 164112198 and 6.
6
Calculate the greatest common divisor of 750091 and 204.
17
Calculate the highest common factor of 574795547 and 4187.
4187
What is the highest common divisor of 18940 and 6250?
10
What is the highest common factor of 28940732 and 8959?
527
What is the highest common factor of 1107 and 477?
9
What is the highest common factor of 13387045 and 190890?
3535
Calculate the highest common factor of 276 and 79383212.
92
What is the greatest common factor of 592 and 68751772?
148
What is the greatest common divisor of 726753809 and 6157?
6157
What is the greatest common divisor of 87 and 809643?
3
Calculate the greatest common factor of 7210580 and 4420.
260
Calculate the greatest common divisor of 22 and 13170718.
22
Calculate the highest common factor of 18235110 and 90.
30
Calculate the greatest common divisor of 1093 and 6802832.
1093
What is the greatest common factor of 42212 and 473604?
244
What is the highest common factor of 4094331 and 68?
17
Calculate the highest common divisor of 6525 and 10419885.
45
What is the highest common divisor of 582258 and 20034?
318
Calculate the greatest common divisor of 237836476 and 8456.
604
Calculate the greatest common divisor of 58995 and 4454265.
285
Calculate the highest common factor of 599683455 and 315.
315
Calculate the greatest common divisor of 46614 and 419276478.
2742
What is the greatest common factor of 2868 and 123881826?
1434
Calculate the highest common divisor of 7858367 and 13035.
869
Calculate the greatest common divisor of 3933 and 6472407.
1311
Calculate the highest common factor of 1384 and 70141812.
692
What is the highest common divisor of 32657750 and 30?
10
Calculate the greatest common divisor of 783065664 and 64.
64
What is the highest common divisor of 15528396 and 1352?
676
Calculate the greatest common divisor of 6 and 5886921.
3
What is the greatest common divisor of 308 and 493372?
44
Calculate the highest common factor of 250 and 25131530.
10
What is the highest common divisor of 6721 and 2403401?
143
Calculate the greatest common factor of 581574679 and 1715.
343
What is the highest common divisor of 31668 and 266839092?
4524
What is the highest common divisor of 6270 and 145440174?
1254
What is the highest common factor of 151704 and 187523?
2107
What is the highest common factor of 8515446 and 176529?
489
Calculate the greatest common divisor of 12866626 and 7708.
94
Calculate the greatest common divisor of 2561 and 1126827.
13
What is the highest common divisor of 83011 and 1020595?
17
Calculate the greatest common divisor of 288 and 22285536.
96
What is the greatest common factor of 5773 and 12746533?
251
What is the greatest common factor of 12634 and 4989558254?
12634
Calculate the highest common divisor of 1153413 and 14067.
27
What is the highest common divisor of 31870612 and 33344?
2084
What is the greatest common divisor of 30257337 and 22?
11
Calculate the greatest common factor of 1139222 and 1078.
14
What is the highest common divisor of 347 and 56963173?
347
What is the highest common factor of 20294 and 132130?
146
Calculate the highest common factor of 442617 and 33178209.
9033
What is the highest common factor of 74 and 74419839?
37
Calculate the highest common divisor of 737901 and 9780.
489
Calculate the highest common divisor of 3681 and 1692033.
1227
What is the greatest common factor of 3836 and 52369072?
3836
Calculate the highest common divisor of 54578 and 663433.
29
What is the highest common divisor of 2753989 and 469651?
2779
Calculate the highest common factor of 2982 and 183744876.
2982
What is the greatest common divisor of 39911052 and 1161?
129
What is the greatest common divisor of 1024448 and 13248?
64
What is the greatest common factor of 2466 and 327526722?
2466
Calculate the highest common factor of 35 and 4685891.
7
Calculate the greatest common divisor of 28691652 and 24.
12
What is the highest common factor of 18075 and 7090?
5
Calculate the highest common divisor of 11748566 and 1984.
62
What is the highest common factor of 127247062 and 86?
86
Calculate the greatest common factor of 158 and 24979326.
158
What is the highest common divisor of 24616 and 9280?
8
What is the greatest common divisor of 324 and 6794469?
27
What is the greatest common divisor of 1198897 and 4417?
7
Calculate the greatest common divisor of 10400 and 132180.
20
What is the greatest common divisor of 4551 and 2561325?
111
What is the highest common factor of 5861520 and 375?
15
What is the greatest common divisor of 912 and 12530352?
48
Calculate the greatest common divisor of 41 and 157549.
1
What is the greatest common divisor of 119922 and 28578?
66
Calculate the greatest common divisor of 112028 and 7707.
7
What is the highest common factor of 272224 and 7381904?
2896
What is the greatest common divisor of 30211838 and 2?
2
What is the highest common divisor of 715890 and 1894430?
4870
Calculate the highest common factor of 254808153 and 202.
101
Calculate the highest common factor of 121908 and 1464.
12
What is the highest common factor of 33129486 and 390?
78
Calculate the greatest common factor of 168558 and 156.
78
What is the highest common factor of 144 and 26521947?
9
Calculate the greatest common divisor of 227157 and 14671209.
7833
Calculate the greatest common divisor of 8441790 and 2745.
915
Calculate the highest common divisor of 54771836 and 812.
812
What is the highest common divisor of 121 and 13909071?
121
Calculate the highest common factor of 1082325 and 15225.
75
Calculate the greatest common factor of 11242421 and 127.
127
Calculate the greatest common divisor of 21004545 and 960.
15
What is the greatest common divisor of 45 and 426808890?
45
What is the greatest common factor of 8502627 and 588?
147
Calculate the highest common divisor of 13 and 2163669157.
13
What is the highest common divisor of 23225 and 5275?
25
Calculate the greatest common divisor of 44401223 and 953.
953
Calculate the greatest common factor of 3621 and 182121.
51
What is the greatest common factor of 443 and 57458429?
443
Calculate the greatest common factor of 50426336 and 3968.
992
Calculate the greatest common factor of 2816 and 20273.
11
What is the highest common divisor of 15962110 and 685?
5
What is the highest common factor of 5092 and 457216?
76
What is the highest common factor of 375817 and 1417?
13
Calculate the highest common divisor of 18506889 and 45211.
1559
Calculate the greatest common factor of 425 and 9012225.
25
Calculate the highest common divisor of 656 and 